= -2*x + 2. Let u = -20 - -12. Let p be f(u). Let c be (-12)/(-30) + p/5. Give n(c).
-1
Let f(g) = 2*g - 8. Suppose -a + 10 = 3*q + 44, 0 = -5*q - 5*a - 40. Let c = -7 - q. Give f(c).
4
Let n(i) = 6*i**3 - 2*i**2 - 5*i - 6. Let j(g) = -5*g**3 + 2*g**2 + 4*g + 5. Let q(u) = 5*j(u) + 4*n(u). Suppose -12 = -4*a - 4. Determine q(a).
1
Suppose 0*d + 2*d - 2 = 0. Suppose 5*p = u + 5, u - 3*p - d = -p. Let n(q) be the third derivative of -q**5/60 + 5*q**4/24 + q**3/2 - q**2. Calculate n(u).
3
Let i(f) = -f**2 + 6*f - 7. Suppose -5*b + 6*r - r = 55, -5 = -r. Let y = b + 11. Calculate i(y).
-2
Suppose 0 = -3*p + 16 + 2. Let c(u) = -u**3 + 7*u**2 - 6*u + 5. Give c(p).
5
Let q(h) = 7*h**2 + 7*h - 9. Suppose -5*x = -7 - 3. Let w(b) = -2*b**x - 4*b - 2*b**2 - 7 + 12. Let y(a) = -3*q(a) - 5*w(a). Calculate y(-2).
0
Let w be (-207)/(-460) + (-4)/10. Let t(i) be the second derivative of 0 + 1/4*i**4 + 2*i**2 + 2/3*i**3 + w*i**5 + i. Give t(-3).
-8
Let f = 2 - 1. Let y(u) be the first derivative of u**4 + u**3/3 + u**2/2 - u + 1. Determine y(f).
5
Let h(w) = -w**3 + 5*w**2 - 4. Let n be h(5). Let p(u) = -u**3 - 4*u**2 + u + 2. Determine p(n).
-2
Let g(c) be the second derivative of -c**7/2520 - c**6/120 - c**5/30 - c**4/12 + 7*c. Let v(j) be the third derivative of g(j). What is v(-4)?
4
Let w be ((-4)/2 - -1)*3. Let g = w + 4. Let t(s) = -5*s. Give t(g).
-5
Let h(c) = 22*c**2 + 8*c + 32. Let g(f) = 9*f**2 + 3*f + 13. Let b(r) = 12*g(r) - 5*h(r). Give b(-3).
-10
Let l be (-1)/((-2)/(-3) - 1). Let g(u) = u**3 - 6*u**2 + 6*u - 1. Let c be g(5). Let y(b) = 3*b - l*b + 4*b + b**2 + c. Give y(-3).
1
Let h(m) = 2*m**3 + 0*m**3 + 1 - m**3 + 5*m**2. Let l(c) = 2*c - 4. Let q be l(8). Let o be 4/16 - 63/q. Determine h(o).
1
Let s(u) be the first derivative of u**3/3 + 2*u**2 + 2*u + 31. Determine s(-4).
2
Suppose 8*l - 3*l - 5 = 0. Let b(h) = 2*h**3 + h - 1. Let q be b(l). Let z(i) = 2*i**2 - i + 2. Determine z(q).
8
Let r(y) = -4*y**2 + y + 1. Let v(d) be the first derivative of -d**4/4 - 2*d**3 + 7*d**2/2 - d - 5. Let c be v(-7). Give r(c).
-4
Let l be (-25)/(-10)*6/5. Let d(u) = -u**3 + 3*u**2 + 2*u. What is d(l)?
6
Let i(b) = 2*b + 7. Let z = 159 + -168. What is i(z)?
-11
Let m(h) = -6*h - 19. Let y(g) = -3*g - 9. Let w(l) = -2*m(l) + 5*y(l). Calculate w(-7).
14
Let u = 3 + 0. Let z(m) = m**2 - 3*m + 2. Calculate z(u).
2
Let x(h) be the first derivative of h**2 + 2 - 1/3*h**3 + 2*h. Let t = 3 - -1. Give x(t).
-6
Suppose -6*o = -2*o - y + 2, 5*o + 8 = 4*y. Let w(m) = m + 9. Calculate w(o).
9
Let x(n) = -n**3 + 5*n**2 - 4. Let o = -17 + 3. Suppose 77 = -3*k + 50. Let s = k - o. What is x(s)?
-4
Let y(a) be the second derivative of -3/2*a**2 + 1/3*a**3 + 0 + a + 1/24*a**4. Let s(g) be the first derivative of y(g). Determine s(-4).
-2
Let w(n) = -n**2 - 6*n + 8. Suppose -9*c - 54 = -0*c. Determine w(c).
8
Let h = -15 - -22. Suppose h*j - 4*j = -9. Let v(o) = o**3 + 5*o**2 + 3*o. Give v(j).
9
Let a = 17 + -28. Let l = a + 16. Let f(p) = -p + 7. Calculate f(l).
2
Let p = -8 - -3. Let h(x) = -x**3 - 4*x**2 + 5*x + 3. Let o be h(p). Let n(a) = a**2 - 1 + 3*a + o*a - 3*a**3 - 5*a. Give n(1).
-2
Let o(u) = u**3 - 4*u**2 - 6*u + 5. Let b(q) = -2*q + 3. Let f be b(-4). Let s = f + -6. Suppose 0 = -s*t + 5*h + 30, 4*t - 9 = h + 12. Calculate o(t).
0
Let f(a) = -a + 49*a**3 - 41*a**3 + 2*a. What is f(1)?
9
Let d(f) = -4*f**2 - 3*f - 2. Let m(z) = 2*z**3 + 3*z - 2. Let c be m(2). Let r = -22 + c. Calculate d(r).
-12
Let c(i) = 4*i + 2. Let l = -37 - -35. Determine c(l).
-6
Suppose -1 - 3 = y. Let n(j) be the second derivative of j**6/720 + j**5/20 + j**4/12 + 6*j. Let s(a) be the third derivative of n(a). Determine s(y).
2
Let j(m) = -18*m - 2*m**2 + m**3 - 2*m**2 + 12*m + 0*m**3 + 6. Give j(5).
1
Let m(h) be the third derivative of -1/6*h**3 + 0*h + 0 - 5/12*h**4 - 4*h**2. Calculate m(1).
-11
Let k = 6 - 7. Let x(w) = -3*w**3 - 2*w - 1. Determine x(k).
4
Let n(l) = -8*l**2 + 8*l - 20. Let p(b) = -7*b**2 + 7*b - 19. Let w(a) = -6*n(a) + 7*p(a). Determine w(0).
-13
Let j(o) = -o**2 - 2*o + 5. Let z(y) = -y + 13. Let d(t) = -t**2 + 6*t + 1. Let q be d(4). Let u be z(q). Let m be (-5)/1*u/5. Determine j(m).
-3
Let s(g) = -g + g + 4*g - 1 - 5. Determine s(4).
10
Let g(x) = 7*x**3 + 7*x**2 + 9. Let a(b) = -10*b**3 - 10*b**2 - 13. Let t(n) = -5*a(n) - 7*g(n). What is t(2)?
14
Let z be 5/((-100)/24)*-5. Let w(s) be the third derivative of 2*s**2 - 1/12*s**5 + 0 + 0*s**4 + 1/120*s**z + 0*s + 5/6*s**3. Calculate w(5).
5
Let h(q) = q**3 + 3*q**2 - 7*q - 6. Let l be h(-4). Let t(c) = -2 + c**3 + 0*c**3 - 2 - 7*c**2 + 6*c + 0*c**3. What is t(l)?
-4
Let p(k) = -k**3 + k - 4 - 66*k**2 + 0*k**3 + 70*k**2. Let r be 6 + -1 + -2*1. Suppose -2*s = -9 + r. What is p(s)?
8
Let v = -6 - -8. Let u(b) = b**v + 0*b - 3*b + b. Suppose -x + r + 1 = -2, 11 = 5*x - 3*r. Give u(x).
-1
Let j = -2 + 4. Suppose 0 + 8 = -j*c. Let p(g) = g**3 + 4*g**2 - 3*g + 1. Calculate p(c).
13
Let c(b) = 2*b + 7. Let j(q) = -2*q**3 + 4*q**2 - 3*q + 1. Let o be j(2). Give c(o).
-3
Let p(c) = 5*c + 6. Let u(b) = 5*b + 6. Let w(o) = 6*p(o) - 5*u(o). Calculate w(-4).
-14
Suppose 0 = -2*f - 2 + 12. Let b(o) = -2*o + 0*o + 0*o + 2 + f*o. What is b(-4)?
-10
Let w(o) = -3*o - 2*o + 3*o + o. Suppose 0 = -5*b + 12 - 42. Give w(b).
6
Let o be (140/42)/((-2)/(-3)). Let k(c) = -5*c**2 + c**3 + 7*c + 5 - c**2 - 3*c. Give k(o).
0
Let a = 81 - 51. Suppose 4*f + 4*b = 24, 6*f - 3*f = 3*b + a. Suppose 0 = -3*t - t - f. Let q(p) = -p. Give q(t).
2
Suppose -5*g = -g - 12. Suppose -g = x - 7. Let h(u) = -3*u + 2. Let m(n) = -n**2 - 1. Let d(v) = h(v) - m(v). Calculate d(x).
7
Let t(i) be the first derivative of -5*i**2/2 + 4*i - 1. Let m(z) = -3 + 0 + 9*z - 4. Let s(b) = 6*m(b) + 11*t(b). Determine s(-4).
6
Let n(u) = -2*u**3 - 1. Suppose 0 = -3*x + 5*b - 1 - 2, -5*x + 2*b = 5. Calculate n(x).
1
Let v(m) = m**3 + m**2 + m + 4. Let w be 1/(-4) + 7/28. What is v(w)?
4
Let s(w) = -w**3 + 4*w**2 + 7*w - 9. Let t be ((-1)/(-2))/(13/130). Let o be s(t). Let g(y) = -y**2 + y - 2*y**3 + 9*y**3 - 3*y**3. Calculate g(o).
4
Let h(o) = 7*o**3 + 9*o**2 - 4*o - 1. Let g(c) = 15*c**3 + 19*c**2 - 9*c - 2. Let q(d) = 6*g(d) - 13*h(d). Let w be (2/(-6))/(((-4)/(-36))/1). Give q(w).
7
Let x(i) be the third derivative of -i**5/60 + 7*i**4/24 + 5*i**3/6 + 7*i**2. What is x(7)?
5
Let u be 80/24 + 1/(-3). Let n(t) = u*t - 4*t + 12 - 1. What is n(6)?
5
Suppose -b - 9*b = 0. Let x(r) be the third derivative of -r**4/24 - r**3/3 + r**2. Calculate x(b).
-2
Let u(q) = q + 1. Let y(x) = -2*x - 3 + 2*x**2 + 0*x**2 - 2*x + 0*x**2 + x**3. Let j be y(-2). What is u(j)?
6
Suppose -2*s - 2*s = 0. Let i(g) = 3*g**3 + 20*g - 2. Let u(v) = v**3 + 7*v - 1. Let m(q) = 6*i(q) - 17*u(q). What is m(s)?
5
Let r(q) = q**2 - 2*q - 3. Let x = 9 - 5. Suppose 5*n = -4*c + 27, -4*c + 17 = 4*n - 7. Suppose -2*l - 3*g = 7, -n*l + 2*l - 2*g - x = 0. What is r(l)?
5
Let m(d) be the first derivative of 1/3*d**3 + 4*d - 2 - 5/2*d**2. What is m(5)?
4
Let d be (3 - 2)/(3/(-15)). Let a(f) = 8*f**2 - 32*f + 20. Let o(q) = -3*q**2 + 11*q - 7. Let n(i) = -4*a(i) - 11*o(i). Determine n(d).
-13
Let p(q) = -5*q**3 - q - 4. Let c(d) = 11*d**3 - d**2 + 3*d + 9. Let i(m) = -6*c(m) - 13*p(m). Determine i(5).
-2
Let y(h) = 5*h**3 - 20*h**2 + 20*h + 1. Suppose -8*u + 4*u - 36 = 0. Let q(f) = f**3 - 5*f**2 + 5*f. Let z(g) = u*q(g) + 2*y(g). What is z(-6)?
-4
Suppose -z = -2*j - 3*j - 22, 3*j + 3*z = -24. Let n(b) = -4*b**2 + 2*b**2 - 3*b + b**2 + 4. What is n(j)?
-6
Let t(y) be the third derivative of -y**7/2520 - y**6/240 + y**5/12 + 5*y**2. Let s(p) be the third derivative of t(p). What is s(-4)?
5
Let h(t) = -t - 6. Let f(b) = 2*b + 3. Suppose -5*n - 8 = -3*n. Let i be f(n). What is h(i)?
-1
Suppose 28 = 2*j + 2*j. Suppose 5*q + 3*g = j*g + 51, -13 = q + 5*g. Let w(a) = -a**2 + 8*a + 3. Calculate w(q).
10
Suppose -3*l + 12 = 2*z, -2*l - 9 = -5*l - z. Let d(h) = -8*h - 3*h - 1 + l*h. What is d(-1)?
8
Suppose -32 + 8 = 4*s. Let m(j) = j**2 + 5*j - 2. What is m(s)?
4
Let o(q) = q + 10. Let k(w) = -5. Let r(v) = v**3 + 4*v**2 + 2*v + 3. Let n = 8 - 12. Let y be r(n). Let l(u) = y*k(u) - 2*o(u). Calculate l(5).
-5
Let w(i) = -i**3 - 2*i**2 + i + 2. Suppose s - 4*s = 6. Let q be w(s). Let c(x) be the second derivati